?
9
Let v(r) = -r + 7. Let s be v(14). Let g be 6/(-21) - 849/s. Calculate the greatest common divisor of g and 11.
11
Let p = 10 - 2. Suppose -3*l + 2*f = 2*l + 6, l = 5*f + 8. Let j be (15/l)/((-2)/p). Calculate the greatest common divisor of 10 and j.
10
Suppose 0 = 2*y - 6, 0 = 5*w + 6*y - y - 110. Let a = w - 7. What is the highest common factor of a and 18?
6
Let n = -373 + 403. What is the highest common factor of 165 and n?
15
Suppose j = a + 18, -5*j = 2*a - 13 - 49. Suppose -4*g + j = 2. Let w = 82 - 58. What is the greatest common divisor of w and g?
3
Suppose 0 = -4*o - 2*x + 1082, -66 = -3*x - 63. Calculate the greatest common divisor of o and 360.
90
Let c be 36/63 - (-3)/7. Let v be c*2*15/6. Suppose -3*m + 5*l + 69 - 26 = 0, 5*m = -v*l + 125. Calculate the greatest common factor of 14 and m.
7
Suppose k + 8*k = 306. What is the greatest common factor of 4 and k?
2
Let s be 830/(-30) - (2 + (-8)/3). Let q = s + 49. What is the greatest common divisor of q and 11?
11
Suppose -162 = -21*v - 6*v. Suppose -b = -0*b - 102. Calculate the highest common divisor of b and v.
6
Let o be (-8)/(-6)*96/16. Suppose 3*u - o*u + 50 = 0. What is the highest common divisor of u and 50?
10
Let c = 192 - 183. What is the highest common divisor of 72 and c?
9
Let m = -300 + 330. What is the greatest common factor of 270 and m?
30
Let v(a) = -3*a - 3. Let h = -2 + 4. Let s be ((-40)/(-24))/(h/(-6)). Let j be v(s). What is the greatest common divisor of j and 132?
12
Let y = 8 + -5. Let x be 24*4*y/24. What is the greatest common factor of 12 and x?
12
Let t be (-250)/(-6) + (91/21)/13. Let w = 2 + 12. Calculate the highest common factor of t and w.
14
Let k(j) = 17*j**3 + j**2 - 2*j + 1. Let n be k(1). Let u(c) = 9*c - 19. Let h be u(4). Calculate the highest common divisor of n and h.
17
Let q be 7 + -6 + (-2)/(-1). Suppose -66 = z - q*z. What is the highest common divisor of 6 and z?
3
Suppose 79*u - 83*u = -196. Calculate the greatest common factor of 931 and u.
49
Let z(f) = 6*f**2 + 24*f - 355. Let a be z(16). What is the greatest common factor of 5 and a?
5
Let w(r) = 2*r**2 - 71*r + 259. Let p be w(32). Calculate the highest common divisor of p and 140.
35
Let c be 386/8 - (-1)/(-4). Let j be (-4)/(-4)*2 - 6. Let i be j - (3 - (4 + 75)). Calculate the greatest common divisor of c and i.
24
Suppose 3*r = 6 + 84. Let y = 9 - -11. What is the greatest common divisor of y and r?
10
Suppose -23*s + 7490 = -5206. What is the greatest common factor of 48 and s?
24
Let t be (8/(-18))/((-10)/(-45)*-1). What is the highest common divisor of t and 74?
2
Let f(y) = 2*y**2 - 8. Let q be f(4). Let b be (-1 + q - 4) + 0. What is the highest common divisor of b and 38?
19
Let t = 21 + -198. Let d = t + 345. What is the highest common factor of d and 28?
28
Suppose -19*w = 2*v - 14*w - 258, -v = 5*w - 134. What is the greatest common factor of v and 93?
31
Let s(g) = -2*g - 28. Let i be s(-16). Let k = 69 + -41. Calculate the greatest common factor of i and k.
4
Let g(z) = 23*z**3 + 2. Let q be g(1). Let x(y) = -y**2 - 18*y + 18. Let t be x(-16). Calculate the highest common divisor of q and t.
25
Let v be 1 + -1 - (-315 + -1 + -7). Calculate the greatest common factor of v and 114.
19
Let w = 92 + -80. Calculate the highest common factor of 93 and w.
3
Let p(q) = -q**3 - 8*q**2 - 15*q + 2. Let i be p(-6). Calculate the highest common factor of i and 36.
4
Let v be 37*1*(5 + -2). Suppose 4*o - 5*a = -10*a + v, a = -5. What is the greatest common factor of o and 51?
17
Suppose -7 = -d - 2. Suppose 2*w = -0*w + 8. Suppose -4*a = -0*a + 3*o - 19, 20 = w*o. Calculate the greatest common divisor of d and a.
1
Let v(q) = 4*q**2 + 7*q - 1. Let f be v(4). Suppose -5*i = 3*d - 359, 5*d - f = -i - 6. Calculate the highest common divisor of i and 14.
14
Let r(b) be the first derivative of -b**2/2 + 14*b + 2. Let n be -1 + ((-6)/4)/(18/36). Let w be r(n). What is the greatest common factor of w and 45?
9
Let f = 152 + -138. Suppose 2*s - h - 37 = 108, -2*h - 220 = -3*s. Calculate the highest common factor of f and s.
14
Suppose 20 = -s - 3*t, -2*t - 180 = 5*s - 3*t. Let m be 3/7 - (-260)/s. Let u(p) = -17*p - 28. Let l be u(m). Calculate the greatest common divisor of l and 13.
13
Suppose -15*y - 16 = -17*y. Suppose 5*q - 8 = 3*b + 55, -y = -2*b. What is the greatest common divisor of 15 and q?
15
Let n(q) = q**3 - 3*q**2 + 6*q - 4. Let d be n(4). Suppose -158 = -3*k - 4*m, 7*k = 5*k - m + 107. Calculate the highest common factor of d and k.
18
Suppose 10 = -0*g + 5*g. Suppose -z - 6 = -2*u, 3*z - g*u + 6 = u. Suppose 9 = z*d - 5. Calculate the greatest common divisor of d and 49.
7
Let v be (-52416)/(-585) + 4/10. What is the highest common factor of 150 and v?
30
Let w(d) = -4*d**3 + 12*d + 43. Let b be w(-5). What is the greatest common factor of 84 and b?
21
Suppose u = 5*r + 27, u - 2*r = 4 + 11. Let k(w) = w**2 + 6*w - 1. Let y be k(u). Let g be (-24)/(-9)*1125/100. What is the highest common divisor of g and y?
30
Suppose x - 7 = -5. Suppose x*f - 11 = -d + 10, -2*d = -3*f + 14. What is the greatest common divisor of f and 72?
8
Let s be 21 - (-20)/(-15)*3. What is the highest common divisor of s and 102?
17
Let d = -76 + 161. Calculate the greatest common factor of d and 119.
17
Let x be 2 + 0 + (6 - 76). Let v = x + 48. Let y = 34 + v. Calculate the greatest common divisor of 42 and y.
14
Suppose y = -5*c + 655, -3*c + 2*c = 4*y - 112. What is the highest common factor of 36 and c?
12
Suppose -11*s - 828 = 74. Let g = s + 104. Calculate the highest common divisor of 11 and g.
11
Let v(u) = -7*u**3 - 2*u**2 - 22*u - 28. Let d be v(-3). What is the greatest common divisor of 22 and d?
11
Suppose 5*w + 4*v = -345 + 2018, 4*w - 4*v = 1324. Calculate the highest common divisor of 9 and w.
9
Let j(q) be the third derivative of q**6/120 + 11*q**5/60 + q**4/3 - 19*q**3/6 - 5*q**2. Let p be j(-10). Calculate the highest common factor of 2 and p.
1
Let v be (8 - 1)*(-21)/(-49). Suppose 5*p + 180 = 5*a, 0 = 5*a - a - v*p - 144. What is the highest common factor of 180 and a?
36
Suppose q - 5*a - 56 = 0, 4*q - 3*a + 2 = 243. What is the highest common factor of 61 and q?
61
Let q(m) = m**3 - 4*m**2 + 2. Let v be q(4). Suppose 2*s - c - 20 = -2*s, v*s = 3*c. Calculate the highest common factor of s and 30.
6
Suppose 3*c + 2 = 2*s - 7, 0 = 4*c + 4. Let o be 2/s + 140/6. Let h = 51 - 35. Calculate the highest common factor of o and h.
8
Suppose y = 36 + 108. Let u be 0 + 10/2 - (-17)/((-136)/(-104)). What is the highest common divisor of y and u?
18
Suppose -l + 22 = -c, -2*l - 3*c + 38 = -7*c. Let s = 170 - l. Suppose -t + 53 + 5 = 3*f, 5*t = f + 290. What is the highest common factor of s and t?
29
Let n(x) = -9*x**3 + x - 2. Let m be n(1). Let h be 2532/10 + 2/m. Calculate the highest common factor of 23 and h.
23
Suppose -510 = 9*c - 7*c. Let u be ((-34)/c)/((-1)/6)*-20. Calculate the highest common factor of 144 and u.
16
Let b(g) = 16*g + 28. Let d be b(7). What is the highest common factor of d and 20?
20
Suppose -c = -2 - 1. Suppose 528 = 2*q - c*d, -5*q + 694 = -2*d - 615. What is the greatest common factor of q and 29?
29
Suppose -91*q = -102*q + 2002. What is the highest common factor of 234 and q?
26
Let b be ((-50)/4)/((-11)/66). Let k = -13 - -43. Calculate the greatest common divisor of b and k.
15
Suppose -12*r - 104 = -10*r. Let g = 108 + r. Calculate the highest common divisor of g and 84.
28
Let v be (0 + -1 - -1)/(-1). Let k(m) = -2 + 27*m + 22*m**2 + v - 28*m. Let g be k(-2). Calculate the greatest common divisor of g and 11.
11
Let x be (-9 - (4 - 8)) + 155. What is the greatest common divisor of x and 12?
6
Suppose -2624 = 3812*o - 3814*o. Calculate the highest common factor of 32 and o.
32
Let s(a) = 1. Let b(h) = 3*h + 6. Let f(y) = -b(y) + 4*s(y). Let i be f(-6). What is the greatest common factor of 48 and i?
16
Let j = -61 - -39. Let x be j/(-1) + 1 + 1. Calculate the highest common divisor of x and 4.
4
Let c = 28 + -28. Suppose c = 3*p - 6*b + b - 1, -3*p + 7 = b. What is the greatest common factor of p and 18?
2
Let u = 0 - -105. Let b(v) = -10*v + 10. Suppose -24 = 6*k - 2*k. Let z be b(k). What is the highest common divisor of u and z?
35
S